at is 35 + (-13 - -14) + -68?
-32
Calculate -6 + 0 - (-81 + 81).
-6
What is -14 + 10 + -27 + 44?
13
Evaluate -5 - (8 - -4 - 12).
-5
-1 + -2 + 2 + 38 + -35
2
What is -7 + 1 - (0 - -19 - 27)?
2
Evaluate 2 + 9 + -2 + (5 - 6) + -3.
5
What is the value of -1 + (-6 - (-5 - 0)) + 70 + -55?
13
Evaluate 13 - 2 - (-10 + (27 - -11)).
-17
What is the value of -4 + -3 + 27 + -37 - -45?
28
Evaluate 0 + (-2 - -2) + -2 - (280 - 295).
13
Calculate 1 + -10 + (13 + -33 - -31).
2
Calculate -83 + 60 - ((-3 - -3) + -3).
-20
Calculate -20 + (-1 - -2 - (180 - 189)).
-10
Evaluate -8 + 12 + -2 + 12 + -16.
-2
-11 - (-13 + -5 + 2)
5
Evaluate 8 - (-30 + 73) - -11.
-24
What is -8 + (-33 - -16) + 13?
-12
(0 - -2) + (-11 - (-10 - -5) - 2)
-6
Calculate -5 + 7 - -11 - (-23 + 6).
30
Calculate (1 - (8 + 2)) + -3.
-12
What is (24 - 1) + (543 - 575)?
-9
1 - (23 + -5 + -5)
-12
Evaluate (17 - 5 - 24) + 17.
5
Evaluate -17 + 17 + 14 + -14.
0
What is the value of -25 - (16 + -17) - (-8 - (-4 - -6))?
-14
Calculate (2 - (-7 + (-15 - -21))) + 8.
11
What is (2 - 0) + 2 + -7 - (-28 + 19)?
6
1 + -10 - 0 - (-20 + (17 - 2))
-4
(1 + 1 - (1 + 6 + -7)) + -9
-7
Evaluate (-27 - -7) + 26 + 1.
7
Evaluate (-7 + -6 - -25) + -14.
-2
-296 + 309 + (-23 - 0)
-10
What is the value of (-11 - (8 + -30)) + (3 + 8 - 25)?
-3
Evaluate 6 + -6 + (-4 - 3) + -2.
-9
Evaluate 9 + (-8 + 2 - 0) + -7 + 0.
-4
Calculate 7 + (-18 - (-8 + (-11 - -24)) - -3).
-13
Calculate -1 - -34 - (15 + -10).
28
Calculate -5 - (6 + 3 + (4 - (7 + -2))).
-13
(-5 - 4 - -7) + (62 - 46)
14
Calculate (11 - 0) + (28 - (-15 + 40)).
14
Evaluate -1 + -2 + (9 - -19) + -9 + -9.
7
Calculate 78 - (36 + -18) - 26.
34
15 + -9 + 23 - 12
17
What is the value of 4 + 6 + 6 + -11 - 1 - 1?
3
Evaluate (10 - (23 + -1)) + 12.
0
What is -14 - (12 - (42 + -6))?
10
What is -13 + -1 + -4 + (16 - 5)?
-7
Calculate 5 + (15 - 5 - (16 + 11 + -1)).
-11
Calculate -14 + 5 + 16 + -4 + -13.
-10
0 + -19 - (-4 + -1 + -5 - -3)
-12
What is the value of 20 - 11 - 2 - 11 - -1?
-3
Calculate -10 + 5 + 0 - (-16 - (-21 - -12)).
2
8 + -27 + (16 - 5) + -8
-16
Calculate 1 + 6 + (21 - (-8 - -24)).
12
Calculate -3 + (-1 - 9) + (28 - 13).
2
What is the value of (-19 - -2) + (1 + 4 - 12 - -5)?
-19
Calculate 19 + (-13 - 25) + 20.
1
Calculate -37 - -44 - (0 + (-1 - (2 - 4))).
6
Calculate -51 + 48 + 22 + 12 + 1.
32
(24 + -19 - (31 + 3 + -4)) + 7
-18
What is 5 + (37 - 22) - -6?
26
10 + (1 - -1 - (-45 + 52)) + -7
-2
What is the value of -2 + (-4 - -3) + (-1 - (2 + 3))?
-9
What is the value of (-36 - -13 - -3) + 16 + 8?
4
What is -8 + 3 - 1 - 6 - -4?
-8
What is the value of -3 - -3 - -9 - (17 + -26)?
18
What is the value of 12 + (-20 + 8 - -5)?
5
Evaluate 30 - (-10 + 5 + 22).
13
Evaluate (10 - -3) + (0 - (-12 + 17)).
8
Calculate -1 + -8 + 9 + (1 - -1) + -6.
-4
-42 + 7 - -33 - -21
19
Evaluate -19 - (7 + -19 + 4 + 20).
-31
What is -3 - (-1 - (-18 + 11 - (0 + -1)))?
-8
What is 8 + 2 + -3 + -30 + -10 + 6?
-27
What is the value of 9 - 2 - (10 - -3 - (10 - 5))?
-1
2 - (7 + (-9 - (-8 + 5)))
1
What is the value of -21 - (-35 + (-1 - -21))?
-6
What is -5 - 2 - -2 - -19 - 7 - 7?
0
(-34 - -30) + -3 + -1 + 7
-1
16 + (4 - 14) + 0 + 1 + -1
6
6 - (-16 - -4) - (27 + -16)
7
What is the value of -3 + (-8 - (-19 - -26))?
-18
-5 + 0 - (123 - 137)
9
-1 + (-2 - 1) + 22 + (-11 - 7)
0
Evaluate 5 + (2 + -2 - (23 + -35)).
17
What is the value of 2 + (10 - (7 + 11)) + 3?
-3
What is (-5 - -18) + -13 + 12?
12
What is the value of -4 + -2 - -10 - (32 + -24)?
-4
Calculate 9 + (-18 - 10) + (12 - 9).
-16
Evaluate -9 + 9 - 15 - -4.
-11
What is -19 - (-8 - (18 + -31 - (0 - 6)))?
-18
Evaluate (124 - 159) + (-5 - -6).
-34
Calculate -1 + (11 - (22 - 18)).
6
Calculate -1 + (12 - -1) - 1 - (663 - 660).
8
Evaluate (-4 + 11 + -22 - -40) + -6.
19
-5 + 23 + -1 + -3
14
Evaluate -1 + (-2 + 23 - 7) - -17.
30
Calculate 8 - (4 - -13 - 11 - 4).
6
What is the value of 1 + -3 + 7 + (-1 - -7 - 1)?
10
-15 - (-4 + 0 + -3) - -8
0
What is the value of -330 + 324 - ((-2 - 1) + 1 - -2)?
-6
33 + -16 + -18 + -13 - 1
-15
Calculate -2 - ((2 - -6) + 0) - (-47 + 48).
-11
-10 + (-8 + 8 - -7)
-3
(-21 - (-18 - 3)) + 5
5
What is the value of -4 + (0 - 5) + -2?
-11
What is -35 - ((-2 - -1) + -16 - (11 - 22))?
-29
(8 - 3 - 1) + (6 - 4) - 2
4
Evaluate (40 - 60) + -2 + 44.
22
Evaluate (-1567 - -1569) + (17 - 0 - 1).
18
-37 + (36 - (-3 - -22))
-20
Calculate (-3 - 4 - -8) + (-3 - -5).
3
Evaluate 3 + 3 + (-26 - (-5 + 15 + -9)).
-21
What is -10 - -4 - (25 + -7 + -7)?
-17
What is (-71 - -58) + 4 + 1?
-8
Evaluate 10 + (2 - -2) + -2 + -21.
-9
What is the value of -1258 + 1268 - (0 - 6)?
16
What is the value of -1 + -5 + (3 - 6) + 0 - -3?
-6
-24 - (-14 + -3) - (-38 + 2 + 4)
25
What is the value of 3 + (-2 - 6 - -3) - (-2 + 3)?
-3
What is the value of 47 - (24 + (34 - 28))?
17
Evaluate 9 + 8 + -5 + -9 - 15.
-12
Calculate -6 - (1 + -3 + 6 + -1).
-9
What is -3 - (0 + (3 - 17)) - (-17 + 19)?
9
What is -12 + 2 + -1 + -16 + 3 + 12?
-12
What is the value of 11 - (10 - 48 - -29)?
20
Evaluate (1 - -12 - -18) + -17 + 17.
31
Calculate 30 - ((12 - -28) + -44).
34
Evaluate -49 + 3 - (-216 - -164).
6
-3 + 5 + (3 + -7 + 6 - 11)
-7
What is the value of -6 - (4 + -33 + 15)?
8
Evaluate (34 - (-21 + 62)) + 1 + 1 + -6.
-11
What is the value of (12 - 1 - ((39 - 7) + -9)) + -10?
-22
-33 - (-12 - 21) - -5
5
Evaluate (4 + -7 - (-6 - -6)) + (-3 - -6).
0
(-4 - -6) + 2 - (-7 - 7 - -9)
9
What is the value of 25 + (-53 - (1 + -21))?
-8
What is the value of (-4 - (-2 - 3 - -7)) + 12 + 3?
9
What is the value of -9 + 10 + (30 - 17)?
14
What is (2 - -1) + (112 - 112)?
3
0 + -4 + (-24 - (-4 - 4) - -11)
-9
Calculate 21 + -29 + (11 - 2).
1
(0 - 3) + -36 + (-7 - -34)
-12
What is 27 + (3 - (-4 + -4 + 17))?
21
What is the value of 7 + (-12 - -7) + 1 + -2 + -3?
-2
-41 + (-39 - -37) - (-2 - 11)
-30
Calculate (9 - ((-3 - (6 - 11)) + 2)) + 5.
10
Calculate 5 + (-2 - (-5 - (-5 + -8 - -5))).
0
What is -9 - -7 - ((-36 - -35) + (18 - -2))?
-21
-14 - (0 + 7) - -31
10
Evaluate -30 - 4 - -35 - -9.
10
(41 - 8) + -29 + 2 + (8 - 1)
13
What is (3 - -8) + 39 + -39?
11
10 + 6 + 6 + -8 + -13
1
Calculate (3 - 5) + (7 - 0) + 14 + -19.
0
Evaluate 0 + (-1 + -1 + 6 + -3 - 1).
0
-23 + 44 - (22 - 4)
3
What is the value of 5 - (11 + -15 - -5 - (1 + -2))?
3
Calculate -3 - -1 - (-12 + 11 - -1).
-2
Evaluate -16 - (9 - 4 - 14).
-7
Evaluate (-60 + 38 - 21) + 11.
-32
What is the value of 5 + 22 + -12 + -14?
1
(-12 - -40) + (-6 - 3)
19
-5 - ((6 - (-1 + 1)) + (230 - 265))
24
Calculate -2 + (3 - 5) + (-7 - -11).
0
What is the value of (-10 - (-9 - (-2 - 5))) + -12?
-20
What is -3 + -6 + 1 + 19 + -8?
3
Calculate (5 - (-5 + -2 + 8 + 1)) + 13.
16
Calculate -20 - (13 + 4 + -14).
-23
Calculate -6 + (6 - -1 - (15 - 26)).
12
-16 + (-2 + 10 - (-57 - -67))
-18
What is 8 + (3 - (19 + -14 + (-2 - 1)))?
9
Evaluate (301 - 320) + (37 - 1).
17
Evaluate 4 - ((20 - 5) + 0).
-11
Evaluate -28 + (16 + -21 - 7) + 16.
-24
Calculate -1 - -3 - (10 + -5).
-3
Evaluate 1 + 5 - (-3 + 4 + -3 + -3).
11
What is (12 - 25 - -32) + -9?
10
Evaluate 20 + 1 + -8 + -34 + -9.
-30
Calculate -3 + (-1 - (-1 + -8)) - 3.
2
Evaluate -1 + 10 - (-105 + 63 + 46).
5
0 - (7 + -9 - (3 + -4 + 0))
1
Evaluate 31 + -46 + (5 - 1).
-11
9 + (-4 - ((6 - (6 - -1)) + 0))
6
(5 - 3 - -8) + (14 - 17)
7
What is 19 + -18 + 12 + (0 - 4) - 6?
3
Calculate -1 + -28 + 0 + (-14 - -21) + -7.
-29
Evaluate -28 - -56 - (-7 + 24).
11
What is 3 + -8 + (24 - 22) + -2?
-5
What is (-7 - -6) + -9 - -5?
-5
Evaluate -16 - 0 - (-96 - -91).
-11
What is the value of (3 + 3 - (-10 - -27)) + 2 + 1?
-8
Evaluate 536 - 536 - (-18 - 3).
21
What is the value of -4 + 23 + 2 + (82 - 73)?
30
Evaluate -15 + 37 + (5 - 22).
5
Evaluate 84 + -75 - (6 + -1).
4
1 - 19 - ((10 - (-5 - -18)) + -6)
-9
What is the value of (-9 - (5 - 7)) + (2 - 2) - -9?
2
-21 - (1 - -8 - (-1 + 9))
-22
What is the value of -5 + (-34 + 31 - (-2 - -1 - -2))?
-9
(-19 - (23 - 52)) + 4
14
What is the value of -7 - (-23 + (15 - 25))?
26
What is the value of -5 - (-2 + -19 + 5 + 3 + 8)?
0
Calculate 0 + (-1 - -15) + -4 - (20 + -24).
14
Evaluate 5 + 1 - (-1 + -2 + 7 + 9).
-7
What is the value of 7 - (-12 - (-10 + 12 + -4))?
17
Calculate -6 + 5 + -32 + 46.
13
What is -2 + (-3 - (-38 + 6) - (0 - 9))?
36
4 - (0 + (2 - -6) - -6)
-10
Calculate -4 - (-38 - -14) - 14.
6
Calculate 19 + -51 